 v(-1). Suppose w = -4*h + 2*h + 6. Give u(h).
-2
Let x(o) be the second derivative of o**6/720 + o**5/30 - 9*o**4/4 - 28*o. Let j(l) be the third derivative of x(l). Give j(-7).
-3
Let t(i) = -5*i + 4. Let o be (-445)/35 + (-6)/21. Let p be (2 + -1)/(o/(-13)). Let h(b) = -b + 1. Let y(r) = p*t(r) - 4*h(r). Determine y(3).
-3
Suppose 26*j + 487*j = 60*j - 3624. Let s(r) be the second derivative of r**4/12 + 11*r**3/6 + r**2 - r. Determine s(j).
-22
Let h be 14/2 - 22*10/55. Let g(z) = -3*z - 6. Determine g(h).
-15
Let o(g) = 5*g - 1. Let x be (-4)/(-6) - (-64)/12. Let f = -85 - -88. Let p be ((-2)/x)/(f/(-9)). Determine o(p).
4
Let m(p) be the first derivative of -2*p + 15 - 41*p**3 + 3*p + 44*p**3. Determine m(-1).
10
Let a(h) = -h - 5. Let k be a(0). Let r(i) = i**3 + 4*i**2 - 4*i - 6. Determine r(k).
-11
Let s(y) be the first derivative of -y**4/4 + y**3/3 + y**2/2 + 51*y - 172. Calculate s(0).
51
Suppose 4*i - 24 = 2*i. Let l be i/(8 - 4) + 4. Let f(k) = -k**2 + 7*k - 6. Calculate f(l).
-6
Let b(q) be the third derivative of 19*q**4/24 + q**3/3 + 241*q**2. Give b(-2).
-36
Let q(b) = 29*b**3 - 19*b**2 - 9*b - 2. Let f(m) = 24*m**3 - 18*m**2 - 9*m - 1. Let u(x) = -6*f(x) + 5*q(x). Determine u(-12).
32
Suppose -x - 2*x - 5*r + 49 = 0, 4*x - 44 = 4*r. Let o = x + -8. Let t(y) = o*y + y - 5*y. Determine t(-1).
-1
Let k(f) = -f**2 - 17*f - 4. Let s be k(-7). Suppose -67*j + s*j + 5 = 0. Let h(w) = w**2 - 7*w + 5. What is h(j)?
-5
Let s(b) = 4 - 27*b - 28*b + 56*b. Calculate s(-8).
-4
Let g(f) be the first derivative of f**5/60 - f**4/4 + f**3/3 - f**2 + 1. Let z(r) be the second derivative of g(r). Let n = -231 - -235. Determine z(n).
-6
Let v(k) be the second derivative of -k**5/5 + k**4/6 + k**3/6 + k - 27. Determine v(-1).
5
Let q be (30/(-75))/(1/15). Let c be 2/7 + 12/7. Let t(a) = 8*a - 3 + a**c - 3*a - 1. Give t(q).
2
Let d(i) = 1 - 7 - 7 - i - 1 + 9. Give d(6).
-11
Let q be 1/(-4) - 264/(-32). Let h be q/20*(-1 - -6). Let g(m) = -m**h - m + 2*m - 2*m. Calculate g(0).
0
Let v(r) = 11*r + 16. Let q be v(-5). Let w = 23 + q. Let z be 1/(-3) - w/(-24). Let f(x) = -2*x + 1. Calculate f(z).
3
Suppose -56 = 6*w + w. Let z(a) = 6*a**2 + 9*a - 8. Let y(d) = 4*d**2 + 4*d - 5 - d + 3*d. Let n(q) = w*y(q) + 5*z(q). Calculate n(-2).
-2
Let y = 3 + -1. Let x(i) be the first derivative of 7*i**2/2 - 3*i - 104. Determine x(y).
11
Let b be (-11)/((-693)/27)*42/2. Let k(v) = 3*v - 14. Determine k(b).
13
Let a(f) be the second derivative of -f**3/6 + f**2/2 + 2*f. Let s = -383 - -382. Let p(h) = -h**2 + 7*h - 2. Let w(k) = s*p(k) - a(k). What is w(5)?
-4
Let r(u) = -u**3 - 2*u**2 + 2. Let j be 33/(-21) + (-15)/35. Calculate r(j).
2
Let d(j) = 47*j - 46. Let w(r) = 26*r - 24. Let p(m) = -6*d(m) + 11*w(m). What is p(-10)?
-28
Let p(i) be the second derivative of i**5/20 - i**4/4 - i**3/6 + i**2 + i. Let d(t) = t**2 + 2*t**2 - 4*t - 3*t**2 - 9 + t**2. Let f be d(6). Calculate p(f).
-1
Let i be 3 - (-3 - (-8)/4). Suppose 5*a = 2*b - 11, -b + a = -0 - i. Suppose -29 = -b*r - 11. Let p(s) = s**3 - 7*s**2 + 6*s. Determine p(r).
0
Let u(i) = -i. Let k(v) = 2*v + 1. Let w(x) = k(x) + 3*u(x). Let p be (-2 - 0)*(2 + -3). Suppose 0 = -3*q + 5*n + 28, p*n = q - 2*n - 21. What is w(q)?
0
Let s(x) = -10*x**2 - 2*x - 5. Let j be (-7 - (2 - -2)) + 2. Let l(a) = 21*a**2 + 4*a + 11. Let y(r) = j*s(r) - 4*l(r). What is y(-1)?
5
Let n = -47 - -59. Let u(f) = -f**2 + 82*f - 92*f + 0*f**2 - n. Determine u(-8).
4
Let a be 2/5 - (-64)/(-10). Let c(x) = 6*x**2 + 25 - 21*x - 15 - 2*x**2. Let i(d) = 3*d**2 - 14*d + 7. Let h(v) = 5*c(v) - 7*i(v). Give h(a).
7
Let h(w) be the first derivative of 7*w + 1 - 1/2*w**2. Let q(x) = x**2 + 38*x + 186. Let v be q(-6). Calculate h(v).
13
Let n(o) = 7*o**3 - 3*o - 3 + 6*o**3 - 14*o**3 - 4*o**2. Suppose -v - 3*j = 15, v + 2*j = 2*v - 5. Calculate n(v).
-3
Let j(i) be the second derivative of -i**3/3 + 10*i**2 - 5*i + 36. What is j(9)?
2
Suppose -12*q + q + 55 = 0. Let y(j) = j**2 - 5*j - 1. What is y(q)?
-1
Let u(x) = -2*x**2 - 3*x - 2. Let i be (-8)/36 - (-3352)/18. Let p be 2/(-13) - i/(-26). Suppose p = n + 9. Determine u(n).
-4
Let f(j) be the second derivative of j**8/1680 + j**6/360 - j**5/120 - j**4/6 + 13*j. Let m(i) be the third derivative of f(i). Give m(1).
5
Let s(n) = -n**3 + 4*n**2 - 5*n + 2. Let m(q) = q**2 + q - 5. Let o be m(-7). Suppose -2*l = -f + 24, -4*l + l + f = o. Let a = -10 - l. Give s(a).
-4
Let f be (18/(-5))/(-3) + 18/(-90). Let h(d) = -3*d**3 - d**2 - 5*d + 5. What is h(f)?
-4
Let k(d) be the third derivative of d**5/60 - d**4/2 + 5*d**3 - 2*d**2 + 17. Let z be k(7). Let m(u) = -u**3 - 5*u**2 - 3*u - 2. What is m(z)?
13
Let m(z) = -2*z + 45. Let d(a) = -3*a + 53. Let o(b) = -5*d(b) + 6*m(b). Let x(g) = 3*g - 1. Let u be x(-1). Determine o(u).
-7
Let p(k) = -k**3 + 4*k**2 - 2*k + 3. Let a(z) = -2*z + 43. Suppose 75 = 6*h - 45. Let s be a(h). Calculate p(s).
6
Let r = 86 + -103. Let m = r + 21. Let x(d) = d**2 - 2*d - 5. Give x(m).
3
Let y(p) = -p**3 + 6*p**2 - 5*p - 5. Suppose -3*g - 3 = -4*g + 2*b, -g - 5*b + 10 = 0. Give y(g).
-5
Let m(v) be the third derivative of -v**5/60 + v**4/8 - v**3/2 + 10*v**2 + 1. Give m(4).
-7
Let m(u) be the first derivative of -u**3/3 - u + 1. Suppose -3*q + 14 - 2 = 0. Suppose r - 4*g = -8, q*r = -3*g + 6 - 0. Give m(r).
-1
Let l be ((-4)/(-16))/(-1) + 60/16. Let c(q) be the second derivative of -7/6*q**3 - l*q**2 - 3*q + 0 - 1/12*q**4. What is c(-5)?
3
Let i(d) = 1591*d - 791*d - 798*d - 13. Give i(6).
-1
Suppose 2*s = 15*s + 52. Let t(q) = -q**2 - 4*q + 4. Give t(s).
4
Let q = 6 + -3. Let y be -1 + 3 + 0/2. Let m(h) = -q*h + 2*h + h**y - 6*h + 1. What is m(6)?
-5
Let l = -77 + 69. Let d(m) = m**3 + 9*m**2 + 6*m - 6. Determine d(l).
10
Let y(h) = h - 3. Suppose -4*w + 5*r + 3 = -4, 2*w - 4*r - 2 = 0. Suppose w*o + 4*f = 8 + 10, 3*f = -4*o + 24. Determine y(o).
3
Let u(a) = 8*a**3 + 3*a**2 - 1. Suppose -53*w + 11*w + 84 = 0. What is u(w)?
75
Let i(j) = -57*j. Let o(q) = -105*q. Let l(g) = -11*i(g) + 6*o(g). Give l(-7).
21
Let a be 1 + -5 - (0 + 3). Let c(p) = -3*p - 13. Let s be c(a). Let y(i) = -i + 10. Determine y(s).
2
Let m(f) be the third derivative of f**5/60 - f**4/8 + f**3/3 + 2*f**2 + 181*f. Suppose 2*w = -5*h - 6 + 21, 5*w + 9 = 3*h. What is m(h)?
2
Let v(f) = -f - 4. Let b(p) = -8*p + 4. Let a be b(-1). Suppose -3*m + a = -5*m. Give v(m).
2
Let a(d) be the first derivative of -d**7/840 - d**6/360 + d**4/12 + d**3/3 + 1. Let i(y) be the third derivative of a(y). Let w = 2298 - 2296. Determine i(w).
-10
Let s(p) = p**2 - 14*p. Let b(o) = -4*o**2 + 59*o. Let t(x) = 4*b(x) + 17*s(x). Let y = -5 + 8. Calculate t(y).
3
Suppose -3 = -2*c + 3. Let t = 69 + -62. Let i(l) = -2*l**3 + l**2 - 1 + l**2 + 0 - t*l**c. What is i(1)?
-8
Let p(r) be the first derivative of -r**3/3 + 7*r**2/2 - 8*r - 6. Let o(z) = -z + 1. Let s(u) = 3*o(u) + p(u). Calculate s(4).
-5
Suppose f - 5*f + 4 = 0. Let u = 13 - 11. Let s(q) = -2*q + 1 - 2*q**3 + q**2 + 2*q - 2*q**u. What is s(f)?
-2
Let z be 7/(-14) - (-111)/6. Let q(s) = -7*s + 23*s - 5 + 6*s**2 - s**3 - z*s. Give q(6).
-17
Suppose -20 = -4*x - h, 2*x = -2*h - 0*h + 4. Suppose x*s + 3 = 3*s. Let f(u) = 4*u**2 - u - 1. Let i be f(s). Let k(b) = b - 4. Give k(i).
0
Let n(g) = -g**3 - 6*g**2 + 2*g + 3. Let a = 398 - 404. Give n(a).
-9
Let m(r) be the second derivative of 0*r**3 + 2*r + 7/12*r**4 + 1/20*r**5 - 2*r**2 + 0. Let f = -44 + 37. Give m(f).
-4
Let y(j) be the first derivative of j**4/4 - j**3 + j**2 - 2*j + 3. Suppose 7*u - 16 = -2. What is y(u)?
-2
Let m(g) be the first derivative of -4 - g - 1/2*g**2. Let q be (-6 - -6)/(-3 + 1). Calculate m(q).
-1
Let c(y) = 32*y + 8. Let q(x) = x + 1. Let k(s) = -c(s) + 10*q(s). What is k(2)?
-42
Let a = -2 - -3. Let u(x) = -4*x + 9. Let y(r) = r - 2. Let d(n) = -2*u(n) - 9*y(n). What is d(a)?
-1
Let l(n) be the second derivative of n**5/20 + n**4/12 - n**2/2 + n. Let p be l(-1). Let b(f) = -6*f**3. Determine b(p).
6
Suppose 66 = 5*g + 56. Let d(q) = -3 - 3*q**3 + 4*q**3 - 3*q**g + 0*q**3 + 4*q. Calculate d(2).
1
Let h = 23 + -18. Suppose -3*r = 9, -2*b + 4*r + 3 = -h*b. Let k(c) = 3*c**b - 1 - 7*c + 0 + 5*c**2 - 2*c**3. What is k(-6)?
5
Let l(i) = -i**3 + 11*i**2 - 11*i + 12. Let n be l(10). Let m(r) =